 48711.
39
Calculate the greatest common factor of 8774122 and 14.
14
Calculate the highest common factor of 99 and 94479.
33
What is the greatest common factor of 2997 and 96066?
81
What is the highest common factor of 2799444 and 948?
948
Calculate the highest common factor of 47 and 306863.
47
Calculate the greatest common divisor of 5150 and 50.
50
What is the highest common divisor of 1722 and 6642?
246
What is the highest common divisor of 1408 and 286?
22
Calculate the greatest common factor of 1011 and 43136.
337
Calculate the highest common factor of 104530 and 110.
10
What is the greatest common divisor of 579 and 488483?
193
What is the greatest common factor of 54 and 157221?
27
What is the highest common divisor of 785214 and 524?
262
What is the greatest common divisor of 809 and 7?
1
What is the highest common factor of 28 and 45703?
7
Calculate the highest common factor of 3234 and 2090.
22
What is the greatest common divisor of 8 and 4072?
8
What is the highest common factor of 630288 and 864?
432
Calculate the greatest common divisor of 122 and 205021.
61
What is the greatest common divisor of 4788 and 679?
7
What is the greatest common divisor of 196600 and 300?
100
What is the highest common factor of 1539734 and 763?
763
Calculate the highest common factor of 192 and 10256.
16
What is the highest common divisor of 46659 and 3171?
453
Calculate the highest common factor of 3577 and 13797.
511
Calculate the highest common divisor of 232 and 8824.
8
What is the greatest common factor of 1113 and 9699?
159
What is the highest common divisor of 1332 and 178176?
12
Calculate the greatest common divisor of 1745 and 635.
5
Calculate the highest common divisor of 5005 and 56210.
385
Calculate the highest common divisor of 423 and 28341.
423
What is the highest common divisor of 16 and 233984?
16
Calculate the highest common factor of 8807282 and 22.
22
What is the greatest common factor of 706 and 784013?
353
What is the highest common divisor of 702848 and 32?
32
What is the highest common factor of 12 and 91788?
12
What is the highest common divisor of 1921 and 1870?
17
Calculate the greatest common factor of 12905 and 3770.
145
What is the highest common divisor of 94189 and 131?
131
What is the highest common divisor of 2724580 and 345?
115
Calculate the highest common factor of 285057 and 19.
19
What is the greatest common factor of 9 and 1190718?
9
Calculate the highest common factor of 342734 and 14.
14
What is the highest common divisor of 18078 and 1242?
138
What is the highest common factor of 689700 and 132?
132
What is the greatest common factor of 62288 and 51?
17
Calculate the greatest common divisor of 505 and 335.
5
Calculate the highest common factor of 6984 and 485.
97
What is the greatest common factor of 3960 and 10710?
90
What is the highest common divisor of 4410032 and 528?
176
Calculate the highest common divisor of 163072 and 52.
52
What is the greatest common factor of 2 and 11287?
1
What is the highest common factor of 814 and 2452175?
407
What is the highest common divisor of 180 and 1765980?
180
What is the highest common factor of 480 and 765?
15
What is the greatest common divisor of 12152 and 9424?
248
Calculate the greatest common factor of 1809 and 63047.
67
Calculate the highest common factor of 261 and 1563.
3
Calculate the greatest common factor of 23694 and 708.
6
What is the greatest common factor of 5020 and 14?
2
Calculate the greatest common divisor of 834 and 1538.
2
What is the highest common factor of 226 and 3933078?
226
What is the greatest common divisor of 40905 and 11817?
909
What is the greatest common divisor of 208575 and 600?
75
What is the highest common factor of 125198 and 4366?
118
Calculate the highest common divisor of 7239 and 5586.
57
What is the greatest common factor of 86718 and 79566?
894
What is the highest common divisor of 363 and 1980?
33
What is the greatest common divisor of 3085 and 35?
5
Calculate the highest common divisor of 13220 and 60.
20
Calculate the greatest common divisor of 34 and 13617.
17
Calculate the greatest common factor of 17 and 3402907.
17
What is the highest common divisor of 133020 and 780?
60
Calculate the highest common divisor of 47190 and 45.
15
Calculate the greatest common divisor of 463 and 136585.
463
What is the greatest common factor of 1836 and 2700?
108
What is the greatest common divisor of 3962 and 84?
14
What is the highest common divisor of 44 and 17809?
11
What is the greatest common factor of 1649 and 37621?
17
Calculate the highest common divisor of 27376 and 203.
29
What is the highest common divisor of 561720 and 3?
3
What is the greatest common factor of 8904 and 4416?
24
Calculate the highest common factor of 52 and 50154.
26
Calculate the greatest common factor of 308 and 174218.
22
What is the highest common divisor of 121484 and 66?
22
What is the greatest common factor of 5699 and 57407?
139
What is the greatest common factor of 177928 and 1472?
184
Calculate the greatest common factor of 6081981 and 591.
591
What is the highest common factor of 3306366 and 1323?
189
What is the greatest common factor of 815711 and 1768?
221
What is the greatest common divisor of 33 and 3192?
3
Calculate the greatest common factor of 5439 and 555.
111
Calculate the greatest common divisor of 2410 and 1670.
10
Calculate the highest common factor of 32 and 30960.
16
Calculate the greatest common factor of 389 and 13872129.
389
Calculate the greatest common factor of 21007 and 63.
7
Calculate the highest common divisor of 1034 and 30503.
517
Calculate the highest common factor of 2596 and 1587454.
1298
Calculate the highest common factor of 610 and 55998.
122
Calculate the highest common divisor of 47000 and 12784.
376
Calculate the highest common divisor of 12 and 159141.
3
What is the greatest common factor of 234660 and 60?
60
What is the greatest common factor of 1067 and 456288?
97
Calculate the greatest common factor of 47473 and 541847.
1637
Calculate the greatest common factor of 2509595 and 3090.
515
Calculate the greatest common factor of 211381 and 394.
197
Calculate the highest common divisor of 93886 and 39.
13
Calculate the greatest common factor of 558 and 657.
9
What is the highest common factor of 3990398 and 502?
502
Calculate the greatest common factor of 24 and 159816.
24
Calculate the highest common divisor of 66637 and 629.
37
Calculate the highest common divisor of 11 and 10893080.
11
What is the greatest common factor of 240702 and 84?
42
What is the greatest common factor of 10575 and 9400?
1175
Calculate the highest common divisor of 44265 and 60.
15
What is the greatest common divisor of 48773 and 68?
17
Calculate the greatest common factor of 11837 and 39872.
623
What is the highest common divisor of 8020 and 710?
10
Calculate the greatest common divisor of 412748 and 56.
28
Calculate the greatest common divisor of 2045 and 5.
5
Calculate the highest common divisor of 74485 and 5.
5
Calculate the highest common factor of 619968 and 54.
6
What is the highest common divisor of 8 and 16424?
8
What is the greatest common divisor of 15 and 287355?
15
What is the highest common divisor of 173 and 133556?
173
Calculate the highest common factor of 77 and 521983.
77
What is the highest common factor of 1215 and 4660?
5
Calculate the highest common divisor of 7294 and 161.
7
Calculate the highest common factor of 309 and 3088558.
103
What is the highest common divisor of 171 and 19989?
9
What is the highest common factor of 1545 and 12669?
309
What is the greatest common divisor of 3342 and 254?
2
What is the greatest common divisor of 39347 and 2336?
73
Calculate the greatest common divisor of 14292 and 540.
36
What is the highest common factor of 854 and 6720126?
854
What is the greatest common divisor of 3920 and 192472?
392
Calculate the highest common factor of 64 and 64864.
32
Calculate the greatest common factor of 182 and 196672.
14
What is the highest common factor of 984 and 168?
24
What is the highest common divisor of 5604 and 1002?
6
Calculate the greatest common factor of 222 and 60495.
111
Calculate the highest common factor of 57 and 70053.
57
What is the highest common factor of 1365500 and 